1
What are the prime factors of 43158831?
3, 47, 306091
What are the prime factors of 184020125?
5, 23, 64007
List the prime factors of 83431375.
5, 19, 35129
What are the prime factors of 319781432?
2, 197, 202907
What are the prime factors of 189983921?
8171, 23251
List the prime factors of 134239167.
3, 1867, 2663
List the prime factors of 4736033008.
2, 7, 137, 257, 1201
What are the prime factors of 1181360119?
5923, 199453
List the prime factors of 31006389.
3, 167, 199, 311
What are the prime factors of 3916252633?
223, 617, 28463
What are the prime factors of 6035592625?
5, 37, 769, 1697
What are the prime factors of 173691520?
2, 5, 271393
List the prime factors of 1431114927.
3, 11, 17, 89, 28663
What are the prime factors of 273913584?
2, 3, 7, 29, 28111
List the prime factors of 158648004.
2, 3, 1468963
List the prime factors of 216681059.
7, 30954437
List the prime factors of 2801187955.
5, 19, 881, 33469
List the prime factors of 20637013.
20637013
List the prime factors of 35184229.
4133, 8513
What are the prime factors of 2943369?
3, 11, 13, 2287
List the prime factors of 157623659.
2539, 62081
What are the prime factors of 513950491?
43, 11952337
What are the prime factors of 4131834448?
2, 7, 23, 229139
What are the prime factors of 158911989?
3, 52970663
List the prime factors of 102235755.
3, 5, 41, 166237
List the prime factors of 48812950.
2, 5, 17, 57427
What are the prime factors of 1908734759?
31, 61572089
List the prime factors of 151249537.
89, 431, 3943
List the prime factors of 2561590093.
2561590093
List the prime factors of 107947172.
2, 2909, 9277
What are the prime factors of 41944106?
2, 20972053
List the prime factors of 3259423253.
233, 13988941
What are the prime factors of 121763257?
7, 11, 29, 31, 1759
List the prime factors of 1237865462.
2, 809, 765059
List the prime factors of 56153172.
2, 3, 101, 107, 433
List the prime factors of 204568517.
59, 3467263
What are the prime factors of 154232613?
3, 37, 154387
What are the prime factors of 361808302?
2, 107, 1690693
List the prime factors of 214520444.
2, 53630111
List the prime factors of 175230292.
2, 2083, 21031
List the prime factors of 1042938484.
2, 7, 29, 41, 31327
What are the prime factors of 1336934866?
2, 113, 167, 35423
List the prime factors of 260799260.
2, 5, 13039963
List the prime factors of 68795351.
68795351
List the prime factors of 67921645.
5, 11, 23, 53693
List the prime factors of 1604622657.
3, 11, 48624929
What are the prime factors of 4330061161?
20231, 214031
What are the prime factors of 374342270?
2, 5, 37434227
List the prime factors of 542828912.
2, 33926807
List the prime factors of 971694867.
3, 11, 13, 433, 5231
What are the prime factors of 3022919085?
3, 5, 1451, 138889
List the prime factors of 384531172.
2, 71, 1353983
What are the prime factors of 1779536296?
2, 2377, 93581
What are the prime factors of 10387165?
5, 281, 7393
What are the prime factors of 96138316?
2, 31, 775309
What are the prime factors of 268128989?
268128989
What are the prime factors of 21580363?
7, 3082909
What are the prime factors of 3859809842?
2, 7, 275700703
List the prime factors of 74990066.
2, 41, 914513
List the prime factors of 4597580078.
2, 7, 13, 23, 283, 3881
What are the prime factors of 32434372?
2, 8108593
What are the prime factors of 242804882?
2, 23, 317, 16651
What are the prime factors of 55776008?
2, 6972001
List the prime factors of 33023605.
5, 17, 29, 13397
List the prime factors of 346968506.
2, 173484253
List the prime factors of 1037470857.
3, 345823619
List the prime factors of 125632965.
3, 5, 661, 12671
List the prime factors of 162526022.
2, 97, 811, 1033
List the prime factors of 280671062.
2, 7, 43, 191, 2441
List the prime factors of 1457614364.
2, 364403591
What are the prime factors of 15974625?
3, 5, 41, 1039
List the prime factors of 193064474.
2, 83, 1163039
What are the prime factors of 171800686?
2, 233, 317, 1163
List the prime factors of 5188492176.
2, 3, 7, 15441941
List the prime factors of 17478072.
2, 3, 80917
What are the prime factors of 1335356198?
2, 11, 47, 1291447
List the prime factors of 955184835.
3, 5, 11, 1187, 4877
What are the prime factors of 62943878?
2, 31471939
What are the prime factors of 55281534?
2, 3, 7, 11, 119657
What are the prime factors of 2351534288?
2, 6211, 23663
List the prime factors of 79507432.
2, 431, 23059
List the prime factors of 50304574.
2, 1583, 15889
List the prime factors of 88824156.
2, 3, 1663, 4451
List the prime factors of 1403420397.
3, 17, 37, 743731
What are the prime factors of 7198426?
2, 47, 76579
What are the prime factors of 189808194?
2, 3, 103, 281, 1093
What are the prime factors of 4056124918?
2, 2531, 801289
List the prime factors of 7145954679.
3, 71, 33549083
What are the prime factors of 15193242?
2, 3, 844069
What are the prime factors of 108777527?
19, 5725133
What are the prime factors of 189886233?
3, 63295411
What are the prime factors of 502066827?
3, 53, 1052551
What are the prime factors of 187820316?
2, 3, 487, 3571
List the prime factors of 1751235.
3, 5, 313, 373
List the prime factors of 273381622.
2, 31, 4409381
What are the prime factors of 548055041?
548055041
What are the prime factors of 475279488?
2, 3, 45841
What are the prime factors of 1686708881?
11, 13, 41, 47, 6121
List the prime factors of 919043556.
2, 3, 67, 1143089
List the prime factors of 5051823224.
2, 7, 17, 23, 230719
What are the prime factors of 70688886?
2, 3, 67, 175843
What are the prime factors of 9603439?
3019, 3181
What are the prime factors of 589595703?
3, 37, 41, 129553
What are the prime factors of 1063511718?
2, 3, 177251953
List the prime factors of 81189526.
2, 11, 241, 15313
What are the prime factors of 4523720?
2, 5, 113093
What are the prime factors of 243266856?
2, 3, 7, 479, 3023
List the prime factors of 10429391.
7, 199, 7487
List the prime factors of 199028461.
199028461
What are the prime factors of 74347752?
2, 3, 89, 34807
What are the prime factors of 806701882?
2, 7, 2503, 23021
List the prime factors of 1742021640.
2, 3, 5, 537661
What are the prime factors of 326145566?
2, 23, 7090121
List the prime factors of 48274167.
3, 16091389
What are the prime factors of 161100627?
3, 37, 233, 6229
List the prime factors of 389623017.
3, 7, 17, 1091381
What are the prime factors of 404205522?
2, 3, 7, 1553, 6197
List the prime factors of 3771519167.
13, 53, 1303, 4201
What are the prime factors of 24689090?
2, 5, 2468909
List the prime factors of 21176228.
2, 5294057
List the prime factors of 176674649.
223, 792263
What are the prime factors of 1987724249?
7, 37, 1096373
List the prime factors of 85400467.
809, 105563
What are the prime factors of 741831838?
2, 11, 1291, 26119
List the prime factors of 1572768173.
1572768173
What are the prime factors of 367687744?
2, 181, 31741
What are the prime factors of 104040115?
5, 37, 739, 761
What are the prime factors of 984351903?
3, 41, 347, 23063
List the prime factors of 938551070.
2, 5, 29, 151, 21433
List the prime factors of 305783393.
547, 691, 809
What are the prime factors of 2771775638?
2, 1193, 1161683
What are the prime factors of 66475815?
3, 5, 7, 227, 2789
What are the prime factors of 33261964?
2, 37, 224743
List the prime factors of 748608084.
2, 3, 7, 347, 1223
List the prime factors of 4827868.
2, 43, 28069
List the prime factors of 131858948.
2, 13, 67, 37847
List the prime factors of 54937620.
2, 3, 5, 305209
What are the prime factors of 186294526?
2, 11, 23, 368171
List the prime factors of 462216808.
2, 17, 359, 9467
What are the prime factors of 3933477265?
5, 17807, 44179
List the prime factors of 93368166.
2, 3, 19, 379, 2161
List the prime factors of 10549677.
3, 71, 49529
List the prime factors of 238109491.
67, 211, 16843
List the prime factors of 215724869.
9601, 22469
List the prime factors of 45266748.
2, 3, 3772229
List the prime factors of 16114197.
3, 11, 488309
List the prime factors of 4873691.
829, 5879
What are the prime factors of 372106318?
2, 186053159
List the prime factors of 233480885.
5, 11, 29, 146383
List the prime factors of 564297726.
2, 3, 3499, 26879
List the prime factors of 502569560.
2, 5, 79, 157, 1013
What are the prime fac